+ 5. Let v(r) = r - 4. Let a(u) = -2*q(u) - 3*v(u). Let d be (-2)/6 + 160/(-24). Determine a(d).
-5
Suppose 2*y - 6*y = 20. Let f(u) = u + 1. Give f(y).
-4
Let c(g) = 10*g - 20. Let w(n) = 2*n - 4. Let k(f) = 3*c(f) - 16*w(f). Suppose b - 11 = -4*i, 0 = -2*b + 7*b + 25. What is k(i)?
-4
Let o = -23 - -27. Let z(h) = 3*h - 2. Give z(o).
10
Let h be 2*1/15 - 473/(-165). Let l(z) = -z**3 + 2*z**2 + 3*z - 4. Determine l(h).
-4
Let v be 0*(2 + 2/(-4) - 1). Let g(b) = -b + 19. Determine g(v).
19
Suppose 5*o - 3*t + 0*t = 36, 2*o - 3*t - 18 = 0. Let b(s) be the second derivative of -s**5/20 + 7*s**4/12 - s**3 - 2*s. Calculate b(o).
0
Let o(b) = 4*b - 4. Let s(z) = -5*z + 5. Let p(g) = -6*o(g) - 5*s(g). Suppose 6*n - 2 = 4*n. Calculate p(n).
0
Suppose 28 = 8*z - z. Let d(h) = -h**2 - 2. Calculate d(z).
-18
Let d(c) = 6*c**3 - c**2 + 1. Let n = 13 - 3. Suppose -n = -2*s - 0. Let g = s - 6. What is d(g)?
-6
Let s(u) = -2 + 3372*u**2 + 2 - 3371*u**2 + 3*u + 3. Let r(q) be the first derivative of -4*q**3/3 + q**2/2 + q + 1. Let i be r(-1). Determine s(i).
7
Suppose 2*m - 8*l + 17 = -3*l, 5*l = -2*m + 33. Let r(t) = -3 + 2*t + m*t**2 + 0*t - 3*t**2 + t**3 - 4*t**2. Determine r(2).
-3
Let i(n) = -7*n**2 - 2*n + 1. Suppose -1 - 5 = 2*g. Let s = g + 4. Give i(s).
-8
Let t(o) = -o**2 + 7*o - 6. Let n be t(4). Let s(d) = d**2 - 4*d - 7. Determine s(n).
5
Let x(t) = -t**2 + 3*t + 2. Let j(o) = o + 4. Let p(v) = -v**2 - 5*v + 6. Let b be p(-6). Let a be j(b). Give x(a).
-2
Let l(p) = 2 - 1 + 1 - p. Let z(w) = -w**2 + 12*w - 3. Let y be z(12). Let v = y - -3. Give l(v).
2
Let c(b) = -b - 5*b**2 - 2*b**2 + 8*b**2. Determine c(0).
0
Let i(z) = -1 - 1 - 2 - z**2 + 3*z. Let l be 4*((-1)/(-4) + 0). Suppose -k - k + l = -3*r, -5*r + k = -10. Calculate i(r).
-4
Let p be (0 - (-3 - -4))*0. Let n(o) = 0*o + p*o - 3*o - o**2 - 2 - 2*o. Let l be 3 - 10 - (-2 - 1). Calculate n(l).
2
Suppose 20 = -3*q - q. Let d = -1 - q. Let x(n) = -6*n - 2*n + 2 + 5*n + n**2. Give x(d).
6
Let b(w) be the third derivative of w**6/120 - 7*w**5/60 + w**4/6 - 2*w**3/3 - 3*w**2. Let i(o) = o - 1. Let t(y) = b(y) + 3*i(y). Determine t(6).
-1
Let r(q) = -7*q. Let k = 3 - 2. Let p be r(k). Let i = p + 10. Let s(c) = c + 1. Calculate s(i).
4
Let q(c) be the first derivative of -c**2/2 - 13*c + 8. Let f = -28 - -22. What is q(f)?
-7
Let i(y) be the third derivative of y**5/60 + y**4/6 - 5*y**3/6 - y**2. Let o(u) = u**2 + 9*u - 26. Let b be o(-11). What is i(b)?
-5
Suppose 0 = w - 3*w. Suppose -z + w = 4. Let u(i) = i - 2. What is u(z)?
-6
Let w(p) = -p**2 + 4. Let i(k) = 10*k**2 + 7*k - 6*k - 3*k**2. Let m be i(1). Suppose -3*o + m*o = -s, -3*o + 5*s = 0. What is w(o)?
4
Let x(m) = -10*m. Let b(d) = -180*d - 120. Let w(u) = u + 1. Let j(i) = -b(i) - 120*w(i). Let s(y) = 4*j(y) + 25*x(y). Suppose 0 = z + 2 - 3. What is s(z)?
-10
Let t(p) = -p - 4. Let w = 98 - 104. Determine t(w).
2
Let p be 3/(-2)*2/3. Let n be (6/3)/((-1)/(-1)). Let t(r) = -5*r**2 + 7. Let v(d) = 3*d**2 - 3. Let u(q) = n*t(q) + 5*v(q). What is u(p)?
4
Let u(j) = 2*j + 4. Let g(z) = -4*z - 7. Let q(s) = -3*g(s) - 5*u(s). What is q(3)?
7
Let b(n) = n**3 + n**2 + 1. Let z(l) = l**3 - 3*l**2 + l - 5. Suppose 0 = -5*t - 0*t - 20, -2*i - 2*t = 18. Let x(h) = i*b(h) - z(h). Determine x(-1).
5
Let h = 2 + 20. Let l = -15 + h. Suppose 3 = -2*d - l. Let u(v) = -v**2 - 6*v - 1. Determine u(d).
4
Let y(z) = -2*z - 2. Let j = 29 - 31. Determine y(j).
2
Let c be (3 - 2)/(-1) - -2. Let v(j) = -4*j + 5. Let m(p) be the third derivative of -p**4/6 + 2*p**3/3 + 3*p**2. Let g(z) = 5*m(z) - 4*v(z). Determine g(c).
-4
Suppose -4*j + 18 = 42. Let p(z) = -z**2 - 6*z + 4. Determine p(j).
4
Let a(s) be the first derivative of -s**3 - 2*s + 5. What is a(2)?
-14
Suppose 2*g - 2 = g. Suppose 5*t + g = -3*r - 3, -3*t + 5*r = 37. Let n(l) be the third derivative of l**5/60 + 5*l**4/24 - l**3/3 + 48*l**2. Calculate n(t).
-6
Let x(i) = i**2 - 9*i + 10. Let q be (-3)/(-2) + 117/18. What is x(q)?
2
Let g(q) be the second derivative of 0 - 7/2*q**2 - 1/2*q**3 + 1/20*q**5 - 1/3*q**4 - q. What is g(5)?
3
Let v(w) = w**3 - 7*w**2 + 4*w + 4. Suppose 3*l - 10 = -5*k, 5*k + 6*l = l. Let s be 35/k + (-2 - -1). What is v(s)?
-8
Let k(y) = -y**2 + y + 1. Let c be k(0). Suppose 0 = -4*x - 0*z + 4*z - 4, -5*x + c = z. Let a(n) = -5 - n**2 + x - 3 + 6*n + 2. Determine a(5).
-1
Let t be 1 + (-2 - (1 - -2)). Let w(i) = i - 1. Let p(y) = y**2 + 9*y + 3. Let b(l) = -p(l) + 3*w(l). Calculate b(t).
2
Let f(x) be the first derivative of x**3/3 + 4*x**2 + 2*x - 1. What is f(-7)?
-5
Let b(g) = -g**3 + 5*g**2 + 4*g + 8. Let c(y) = y**2 - 4*y + 4. Let x be c(5). Let n = 15 - x. Calculate b(n).
-4
Let d(u) = -2*u - 6. Let t = 8 + -11. Let x be ((-24)/20)/(t/(-10)). What is d(x)?
2
Suppose 2*w - 2*i = -10, -5*i - 5 = -25. Let o(b) = -3*b**3 - 1. Calculate o(w).
2
Let w(q) = -5*q - 13. Let i(p) = -14*p - 39. Let o(l) = 4*i(l) - 11*w(l). Calculate o(0).
-13
Let u(r) = r + 0 - 2 + 1 - 41*r**3 + 42*r**3. Determine u(0).
-1
Let a(j) = -j**3 - 11*j**2 + 12*j + 3. Let z(l) = l**3 + 10*l**2 - 11*l - 2. Let x(s) = 5*a(s) + 6*z(s). Let h be (-5)/(-2 - -12) - (-33)/(-6). Determine x(h).
3
Let i(q) = q**2 - 2*q - 4. Let l = 8 + -4. Give i(l).
4
Let u(s) = 2*s**2 + 4*s + 1. Let t be (5/2 + -2)*4. Let h(a) = -a**2 - 3*a - 2. Let r(z) = t*u(z) + 3*h(z). Suppose 3 - 9 = 2*i. Give r(i).
8
Suppose d - 3 = 3*n + n, -2*d - 5*n + 6 = 0. Let p(k) = -k**3 - 3*k**2 + 0*k**d - k**2 + 1. Suppose 16 = l - 5*l. Determine p(l).
1
Let f(b) = -b**3 - 4*b**2 + 7*b + 4. Suppose 0 = t + 6*t - 42. Suppose 1 = 2*l - 5*u + t, -4*l = u + 21. Determine f(l).
-6
Let q = -15 - -17. Let h(o) = o**2 + o**2 - 4*o**2 + q*o + 3*o**2. What is h(-3)?
3
Let j(c) = 3*c - 1. Let q be j(-1). Let z be 3/(-12) - 21/q. Let f(l) = -l**2 - 2*l + 1. Let g(x) = -2*x**2 - x + 2. Let v(o) = 3*f(o) - 2*g(o). Give v(z).
4
Let s(v) = v**2 - 5*v - 6. Let p(g) = g**2 - 7*g + 3. Let b be p(7). Let y(w) = -w**3 + 5*w**2 - 5*w + 2. Let a be y(b). Give s(a).
-6
Let c(a) = -a**2 + 5*a + 1. Let p = -3 - -7. Suppose -4 = -6*d + p*d. Suppose -5*r - 50 = -5*s, 5*s + 5*r + d = 2*s. Calculate c(s).
-5
Suppose 2*u - 4 = -0. Let q be (-1)/(-1) + u + -1. Let r = q - 4. Let s(f) = 3*f + 2. Calculate s(r).
-4
Let z(c) = 5*c**3 + 9*c**2 + 6*c + 10. Let w(p) = -11*p**3 - 19*p**2 - 12*p - 21. Let b(h) = -4*w(h) - 9*z(h). Give b(-4).
2
Let j(n) = -4 - 4 + 9*n**2 + 12*n**2 - 12*n**2 - n**3 - 6*n. What is j(8)?
8
Let c(u) = u**3 + 3*u**2 + u + 3. Let t = 30 + -33. Determine c(t).
0
Let x = -2 - -4. Suppose x*a + 12 = -3*t, 5 = -4*a + t - 5. Let h(q) = -q - 2. Give h(a).
1
Let k(h) = h**2 - 3*h - 2. Let t(o) = 2*o**2 - 5*o + 2. Let n be t(3). Suppose 0 = -n*d + 15 + 5. Let r be k(d). Let m(z) = z**3 - 3*z + 3. Calculate m(r).
5
Let n(k) = -k - 10. Let c = -43 + 36. Calculate n(c).
-3
Let t(m) = -15*m**2 - 6*m + 21. Let u(h) = 7*h**2 + 3*h - 10. Let k(l) = 6*t(l) + 13*u(l). Calculate k(-5).
6
Let h(s) = s - 1. Suppose -5*b + 8 = -7. What is h(b)?
2
Suppose 12 = -2*a + 4. Let i(j) = -2*j + j + 3*j + 4. What is i(a)?
-4
Let x(s) = 3*s + 19. Let w(m) = m. Let q(k) = -6*w(k) - x(k). Let f(h) = -6*h - 13. Let t(o) = -7*f(o) + 5*q(o). What is t(-3)?
5
Suppose -3*y - 21 = -n - n, 0 = -3*y + 4*n - 27. Let f(s) = s - 5. Determine f(y).
-10
Let j(y) = -44*y**2 + 10*y + 11. Let u(b) = -15*b**2 + 3*b + 3. Let p(w) = -2*j(w) + 7*u(w). Give p(1).
-17
Let y(m) = 2*m**3 + 8 + 5*m**2 + 4*m + 0*m**3 - 5 - m**3. Give y(-4).
3
Let j(a) be the third derivative of a**6/360 - a**5/120 - a**4/4 + a**3/6 + 3*a**2. Let f(y) be the first derivative of j(y). Determine f(0).
-6
Let x be 1/1 + 3 + -1. Suppose x*u - 13 = s, 2*s + 21 = 3*u - s. Let n(k) = 5*k**2 - u*k**2 + 5 + 6*k - k**2. Calculate n(-5).
0
Let z(f) be the second derivative of -f**5/20 - f**4/6 - f**2 + f. Determine z(-2).
-2
Let w(p) = -p**2 - 5*p + 2. Let u be w(-5). Let b(d) = -6*d + 2. Give b(u).
-10
Let h(i) = -i**2 - 2 - i**2 + 2*i**2 + i**2 + i. Give h(5).
28
Let g(h) be the third derivative of h**5/60 - h**4/3 + 4*h**3/3 + 12*h**2. Determine g(6).
-4
Let j(y) = -69 + 130 - 63 - 2*y + 3*y. Let x(t) = -t**3 + 3*t**2 - 3*t + 3. Let v be x(2). Determine j(v).
-1
Let u(o) = o**2 - 2*o - 5. Let y be 12/4 - (0 + -1). What is u(y)?
3
Suppos